et u be 1 + -4 + 23 + 1/(-1). Suppose 16*o = u*o - 18. Let n(p) = -p**2 + 10*p - 24. Calculate n(o).
0
Let n(k) be the third derivative of -k**4/24 + k**3/2 + 949*k**2 - 3*k. Suppose 4*i = 8*i - 12. Suppose -2*m + i*y = -28 + 7, -y = 3*m - 15. Calculate n(m).
-3
Suppose -13*s = -4*s + 144. Let o be ((378/24)/7)/((-6)/s). Let l be (o + 0)/((-9)/(-6))*1. Let u(j) = -4*j. Calculate u(l).
-16
Let t(x) be the first derivative of -x**4/4 - 20*x**3/3 + 23*x**2/2 - 19*x - 1263. Determine t(-21).
-61
Let v(c) be the second derivative of c**4/12 + 13*c**2/2 - 144*c. Calculate v(4).
29
Let o(r) = 3*r - 14. Suppose 70 = -5*m - 73 + 153. What is o(m)?
-8
Let y(q) = -6*q**2 + 2*q - 1. Suppose 3*s + 5 = r, r + 3 = s + 4*s. Suppose -6 = -r*h + 11. Calculate y(h).
-5
Let z(w) = 3*w**3 - 9*w**2 - 2*w. Suppose -2*y + 33*y - 124 = 0. Calculate z(y).
40
Let i(z) = -2*z**3 + 16*z**2 - 6*z + 10. Suppose -4*q = -a + 32, 58*a - 4*q - 40 = 56*a. Calculate i(a).
-38
Suppose 3*x = 2*t + 2*x - 25, 0 = 5*t + x - 52. Suppose t*k = -11 - 33. Let s(r) = r**2 + 3*r + 5. Give s(k).
9
Let w be 3/(-1 + 4)*(8 - (-8 - -5)). Let j(p) = -p**3 + 8*p**2 + 33*p - 8. Determine j(w).
-8
Let g(v) = -168766*v + 5*v**2 - 6 + 84381*v - v**3 + 84382*v. Determine g(0).
-6
Let j(u) be the second derivative of 0*u**2 + 0 + 3/40*u**5 + 4/3*u**4 + 0*u**3 - 1/720*u**6 - 7*u. Let c(m) be the third derivative of j(m). Calculate c(7).
2
Let b(x) be the second derivative of x**5/20 + x**4 - 7*x**3/3 - 11*x**2 + 3*x. Let l be b(-13). Let y(p) = -7 + 7 - p + 0*p - 13. Calculate y(l).
-4
Let q(w) = -120 - 75 - 98 + 196 + 5*w. Calculate q(21).
8
Suppose 2*g + 621 = 615. Let b(r) = -4*r - 6. Give b(g).
6
Let v(t) = -984 + 499 + 486 + t. Suppose -3*h + 15 = -2*h - 3*d, -3*h - 10 = 2*d. Suppose -4*r + 4*o - 20 = h, 2*r = -3*r - o - 13. Calculate v(r).
-2
Let t(c) be the first derivative of -c**4/4 - c**3 + 5*c**2/2 + c + 6849. Calculate t(-5).
26
Let l(u) = -2*u**2 + 40*u - 104. Let k(q) = q**3 + 26*q**2 + 29*q + 117. Let o be k(-25). Determine l(o).
-2
Let l(m) = 4*m**2 + 30. Let z(w) = w**3 - 29*w**2 - w - 217. Let a(k) = -29*l(k) - 4*z(k). Determine a(1).
-2
Let u(d) = -d**3 - 13*d**2 - 13*d - 10. Let c be u(-12). Let i(g) = 2*g**2 - 7*g**2 - 16*g + 12*g - c. Suppose 11 = 2*j - 3*y, 2*j - y - 1 = -0. What is i(j)?
-14
Let o(u) = -2*u - 40. Let k(y) = 4*y**2 + 1. Let w be k(-1). Let g be 20/((w + -6)*1). Let q be o(g). Let t(s) = s + 3. Calculate t(q).
3
Let y(g) = -g**3 - 5*g**2 + 35*g - 4. Let l be y(-9). Let t(d) = 7*d + 6. Let u(r) = r. Let s(n) = -t(n) + 4*u(n). Give s(l).
-21
Suppose 667*i + 2 = 668*i. Let v(f) = -3*f**2 - i*f - f**2 - 713*f**3 + 712*f**3 + 3*f**2 + 3 + 4*f**2. What is v(2)?
3
Suppose 7*f = 12*f - 15. Suppose f*q - 8*q = -5*d, -d = -3*q. Suppose 5*w - 20 = d, -5*u + 8*w = 7*w + 39. Let h(v) = -2*v - 9. Give h(u).
5
Let z(a) be the first derivative of -a**2/2 + 1. Let k(f) = 4*f - 1. Let n(r) = r**2 - 36*r - 162. Let o be n(40). Let p(d) = o*z(d) - k(d). What is p(4)?
-7
Let x(u) be the third derivative of u**5/20 + 7*u**4/12 - 2*u**3/3 + 2*u**2 - u - 1704. Determine x(-5).
1
Let c(m) be the third derivative of -2*m - 1/2*m**4 + 1/60*m**5 + 1/2*m**3 + 25*m**2 + 0. Determine c(12).
3
Let a(y) = -12*y**3 - y**2. Suppose -4*r + r + 23 = -4*g, g = -3*r - 2. Determine a(r).
-13
Let q(o) = -2*o**2 + 5. Let x(g) = -4*g**2 + 11*g. Let t(i) = -q(i) + x(i). What is t(9)?
-68
Let g(v) = -v**3 - 3*v**2 - 4*v - 5. Let c be 7/7 + -4 + 104. Let d = c + -105. What is g(d)?
27
Let q(x) = -x**2 - x + 1. Let p(t) = 5*t**2 + 7*t - 8. Let o(j) = -p(j) - 4*q(j). Let w be o(-4). Let m(s) = 31 - s**2 - 52 + 23 - s + s**3. Determine m(w).
2
Let h(i) = -3*i**2 - 48*i - 18. Let k(w) = -w**2 - 15*w - 7. Let p(f) = -2*h(f) + 7*k(f). Determine p(-11).
-35
Suppose 2*k + 5*l - 24 = 0, 0 = -3*k - l + 10. Let m(y) = -321 + 155 + y + 161. Give m(k).
-3
Let j(k) = -2*k - 7*k + 5*k - 2 + 2*k. Let n = 393 + -395. What is j(n)?
2
Let l(v) = 2*v**2 - 6 - 2 + v**3 + 17*v + 39*v + 28*v**2. Let x be l(-28). Let k(z) = 0 - 3 + 7*z + z**2 + 13. Give k(x).
18
Let a = -630 - -68. Let x = a + 556. Let s(q) = 5*q**2 - 14*q + 8. Let h(i) = i**2 - i + 1. Let o(c) = -6*h(c) + s(c). What is o(x)?
14
Let n(a) = 49*a - 1029. Let b be n(21). Let i(o) = -3*o**2 - 4*o - 1. Let p(j) = -2*j**2 - 3*j - 2. Let h(c) = 3*i(c) - 4*p(c). Give h(b).
5
Let s(g) = -316*g**2 - 48*g + 46*g - 7 + 311*g**2 - g**3. Determine s(-4).
-15
Let j(k) = 3*k - 3. Let l(c) = -c + 2. Let r = -6 + 11. Suppose 5*x - 25 = 0, r*q - x + 15 = -5. Let u(w) = q*j(w) - 6*l(w). Calculate u(-8).
21
Let x be (10/4)/(3*2/12). Let b(s) = 6*s**3 + 12*s**2 - 7*s - 4. Let q(a) = 5*a**3 + 11*a**2 - 6*a - 6. Let j(v) = x*q(v) - 4*b(v). What is j(-7)?
0
Let m(b) = b**3 + 17*b**2 + 26*b - 52. Let h be (-4 - ((8 - 9) + -2))*15. Calculate m(h).
8
Let m = 90 + -90. Let q(j) = -j + 4. Give q(m).
4
Let d(t) = 2*t - 10. Let v(u) = u**2 - 12*u + 25. Let x = 44 - 34. Let o be v(x). Let m be d(o). Let p(k) = k. What is p(m)?
0
Let r(z) = -10*z - 70. Let h be 5/(495/(-996)) + (-162)/(-2673). Determine r(h).
30
Let g(f) be the first derivative of 3*f**2/2 - 51*f - 18. Let x be g(16). Let m(r) = -2*r**3 - 3*r**2 + 3*r + 1. Give m(x).
19
Let z(b) = 2*b - 487 + 224 + 0*b + 244 - 3*b. Determine z(-26).
7
Let q(g) be the first derivative of -35*g**2/2 + 12*g + 5045. Determine q(3).
-93
Suppose 13*c + 0*c + 806 = 0. Let h = 63 + c. Let r(v) = -v + 7 - h + 0 + 2. What is r(6)?
2
Let w(y) = 51*y + 505. Let z(m) = 76*m + 759. Let u(b) = 8*w(b) - 5*z(b). Give u(-9).
-7
Let z = 145 + -136. Let c(p) = 2 - 17 + z - p + 15. Determine c(-4).
13
Suppose -5*o - 150 = -15*o. Let h(p) = 7 + 37*p**2 - o*p**2 - 23*p**2 + 3 + 8*p. Give h(9).
1
Let x(t) be the first derivative of t**4/4 + 25*t**3/3 + 11*t**2 - 46*t + 1412. What is x(-24)?
2
Suppose 0 = 3*l + 193 - 199. Let w(r) = -246*r**3 - 248*r**3 - 2*r**l + 3 + 492*r**3. Determine w(-3).
39
Let h(v) be the first derivative of v**2/2 + 15*v + 1. Suppose 388*d + 6297 = -299. Determine h(d).
-2
Let r(p) = -8*p + 21 - 9*p + 8*p + 2*p. Let s be r(4). Let i(b) = b**2 + 9*b + 9. What is i(s)?
-5
Let f be 2/(-7) + ((-254)/(-7) - 3). Let h = f + -28. Suppose -h*t - 5*g = -5, -13 = -3*t + 5*t - 3*g. Let q(v) = -v**3 - v**2 - 3*v - 1. Give q(t).
9
Let n(f) = f**2 + f - 6. Let x be n(0). Let k(d) = 3*d**2 - 2*d - 105. Let u(y) = -11*y**2 + 5*y + 368. Let l(z) = -7*k(z) - 2*u(z). Calculate l(x).
11
Let w(t) = -10*t**2 - 2*t + 9. Let p(n) = 2*n**2 - 2*n - 2. Let o(u) = 4*p(u) + w(u). Calculate o(-3).
13
Suppose 4*r + 5*o = -61 + 38, r - 2*o = 17. Let l(s) = -s**3 + s**2 + 6*s - 10. Calculate l(r).
-10
Let l(j) = 4*j**3 + 8*j**2 + 8*j + 4. Suppose -2*o + 1062 = 1068, -n - o - 6 = 0. What is l(n)?
-56
Let d(z) = -z**3 - 6*z**2 + 6*z - 1. Let y(l) be the third derivative of -l**4/8 - 17*l**3/3 - l**2. Let h be y(-9). What is d(h)?
6
Let p(w) be the first derivative of -w**4/4 - 7*w**3/3 + 7*w**2/2 - 13*w - 1919. What is p(-8)?
-5
Let w(m) = -m**3 + 7*m**2 + 7*m - 13. Let c be 9/6*11/(-66)*-32. Determine w(c).
-21
Let c(u) = -u - 19. Let r be c(1). Let p(o) = -o**3 - 21*o**2 - 19*o + 37. What is p(r)?
17
Suppose 13 = -32*b + 12*b - 27. Let u(o) = 8*o**2 - 4*o - 1. Give u(b).
39
Let z(v) be the first derivative of 1/2*v**2 + 3*v + 213 + v**3 + 1/4*v**4. Calculate z(-4).
-17
Let p(d) = -3*d + 26. Let w be 7*(990/77)/9. Give p(w).
-4
Let z = 145 - 143. Suppose -9*g + 6*g = 4*o - 38, z*g + 59 = 5*o. Let c(s) = s**2 - 12*s - 8. Determine c(o).
-19
Let x(w) = -56*w**2 - 5. Let p be x(-2). Let y = p - -226. Let r(n) = 2*n + 10. What is r(y)?
4
Let h(x) = -15*x + 5. Let y(v) = 13*v - 4. Let o(d) = -5*h(d) - 6*y(d). Let g(n) = 11*n + 8. Let z(j) = g(j) + 4*o(j). What is z(11)?
-7
Let f(u) = -422 - 429 + 21*u + 853. Calculate f(2).
44
Suppose 26*s - 26 = k + 30*s, -5*k = -s + 4. Let i(w) = -10*w**2 + w + 1. Calculate i(k).
-41
Let p(z) be the first derivative of -z**4/2 - 3*z**3 - 3*z - 13. Let l(d) = 3*d**3 + 9*d**2 + 1. Let i(v) = 3*l(v) + 4*p(v). What is i(9)?
-9
Let j be 6*(22/(-352))/(3/(-12)). Let q(f) be the second derivative of j*f**3 + 5/2*f**2 - 10*f + 1/6*f**4 + 0. What is q(-6)?
23
Let l(v) = 3*v - 299. Let t(r) = 20*r - 2160. Let o(p) = 22*l(p) - 3*t(p). Calculate o(0).
-98
Let 